Suppose 4*f - 9 = m*f. Calculate the remainder when 25 is divided by f.
7
Suppose -5*h = -120 - 185. Calculate the remainder when h is divided by 0 - -23 - (2 - 0).
19
Let d = -7 + 3. Suppose -2*h = -7*h + 25. Calculate the remainder when (d - -2) + (18 - 2) is divided by h.
4
Let v(s) be the third derivative of -5*s**4/24 - 2*s**3 + 2*s**2. What is the remainder when 52 is divided by v(-6)?
16
What is the remainder when 1*148/(6/3) is divided by 19?
17
Let q(u) = 3*u**2 + 2. What is the remainder when 53 is divided by q(-2)?
11
Let z(l) = -27*l + 1. Let i(y) = 134*y - 5. Let t(w) = -2*i(w) - 11*z(w). What is the remainder when t(2) is divided by 15?
12
Let y = -9 + 15. Suppose 0*h + 4*h = 0. Suppose h*d + 5*d - 55 = 0. Calculate the remainder when d is divided by y.
5
Let x(f) = -f**3 + 5*f**2 - 2*f + 1. Let u(m) = m**2 + 4*m - 8. Let k be u(-6). What is the remainder when 24 is divided by x(k)?
6
Let m be 2/((-3)/(6 + 3)). Suppose -2*j - 1 = -5. Calculate the remainder when m/(-5)*(-50)/(-15) is divided by j.
0
Let q = -126 - -135. Calculate the remainder when 22 is divided by q.
4
Suppose -4*q - 34 = -2*p + 4, 0 = -4*p - 3*q + 21. Let j = p + 6. Calculate the remainder when (86/4)/((-1)/(-2)) is divided by j.
13
Suppose 3*a - 88 = -a. What is the remainder when a is divided by (2/8*4)/((-3)/(-36))?
10
Suppose 0 = -2*x - x + 2*q + 54, 3*x = -3*q + 54. Calculate the remainder when 53 is divided by x.
17
Let g(n) = 2*n + 5. Let h(l) = 26*l**2 + 3*l + 2. What is the remainder when h(-1) is divided by g(4)?
12
Let d(i) = 15*i**2 + i - 1. Let q = 471 - 428. Calculate the remainder when q is divided by d(1).
13
Suppose -4*q + 3*q - 50 = 0. Let a = q - -77. Calculate the remainder when a is divided by 7.
6
Let f(u) = u**3 + 6*u**2 + 5*u + 2. Let o be f(-5). Suppose -5*d - 25 = 0, -o*x + 5 = -5*x - 4*d. What is the remainder when 18 is divided by x?
3
Let h(i) be the second derivative of -3*i**3/2 - i**2 - 5*i. Calculate the remainder when 46 is divided by h(-2).
14
Let k(x) = 2*x**2 - 8*x + 3. Suppose 3*f + 3 = 2*w, 2*w = -0*f - f + 15. What is the remainder when k(w) is divided by 14?
13
Suppose 15 = 5*j - 0. Suppose 2*r - j*o - 15 = 0, 6 = 3*r - 2*o - 9. Let h = 23 + -13. What is the remainder when h is divided by r?
1
Suppose -20*y = 72 - 392. What is the remainder when 32 is divided by y?
0
Suppose 2*n - 20 = -2*n. Let f(c) = 6*c + 5. Let l be f(n). Let q = -18 + l. Calculate the remainder when q is divided by 9.
8
Suppose -5*h = 5*v - 25, -5*v - 21 = -4*h + 35. Suppose 2*n + 3 = d + n, 2*d - h = -n. What is the remainder when 18 is divided by d?
2
Let z(u) = u - 4. Let y(r) = r**2 - 4*r + 1. Let j be y(5). Let i be z(j). Suppose 5*v - 7 = -s - i, 0 = 3*v. What is the remainder when 18 is divided by s?
3
Suppose -p = 5*z - 474, -p - 191 = -z - z. Calculate the remainder when z is divided by 24.
23
Let q(s) be the second derivative of -1/12*s**4 - 1/2*s**2 - s - 5/6*s**3 + 0. What is the remainder when q(-2) is divided by 3?
2
Suppose 0 = 4*n - 307 + 279. Calculate the remainder when -1 - -2 - -25 - 0 is divided by n.
5
Let m(y) = y**3 + 5*y**2 - 4. Let v be m(-4). Let t = 81 - v. Suppose -t = -2*j - j. Calculate the remainder when j is divided by 12.
11
Let s = -62 - -119. Calculate the remainder when s is divided by 15.
12
Suppose 106 - 36 = 2*t. Suppose -3*o - 9 = 5*f - t, 3*o + 23 = 2*f. Let c = f + -5. What is the remainder when 4 is divided by c?
0
Let k be 1075/35 - 4/(-14). Suppose -4*l - 4 = -t, -4*t + 3*l - 2*l + k = 0. Suppose w - 16 + 2 = 0. Calculate the remainder when w is divided by t.
6
Suppose -5*i - 61 = 2*b, -3*b - i - 95 = b. Let z = 40 + b. Calculate the remainder when 64/((-4)/2)*-1 is divided by z.
15
Suppose -4*l + 64 = 3*d, 0 = 2*l - 7*l + 4*d + 80. What is the remainder when 61 is divided by l?
13
Let l = 36 + -22. Suppose 0 = 2*g - 3*s - 7, 3*s - 3 = -2*g - 2. Suppose -g*w - k = 6 - 61, -35 = -w - 3*k. What is the remainder when w is divided by l?
12
Let b(t) = -t**3 + 8*t**2 + 12*t - 12. Let a = -18 + 27. What is the remainder when 44 is divided by b(a)?
14
Suppose -5*m = 3*q - 4 + 3, 3*m = 4*q + 18. Suppose -4*f + m*f + 4*x - 10 = 0, 0 = 2*f - x + 16. Let a = f - -13. What is the remainder when 13 is divided by a?
1
Suppose -5*t + 36 = g, -g - t = -0*t - 52. Suppose 4*p = 6*p - g. What is the remainder when p is divided by 15?
13
Suppose -5*y + y = -12. Let z(g) = 3 - y + g. What is the remainder when z(3) is divided by 2?
1
Suppose 4*y + 2 - 14 = 0. Let r = y - -11. Calculate the remainder when 40 is divided by r.
12
Let l be ((-12)/(-10))/((-10)/(-25)). Suppose -2*m + 23 = l. What is the remainder when m is divided by 6?
4
Let v = 250 + -158. Calculate the remainder when v is divided by 24.
20
Suppose -11 = -2*o + o. Let d = 7 - 2. Let r(n) = n**3 - 4*n**2 - 3*n - 6. What is the remainder when o is divided by r(d)?
3
Suppose -t + 3*a + 4 = -a, 3*a + 8 = 2*t. Suppose s - 180 = -4*s. What is the remainder when s is divided by 19 - (-2 + t + -2)?
17
Let z(j) = j**2 - 3*j. Let h be z(4). Let d be 1/3 - (-56)/21. Let c = h + d. Calculate the remainder when 19 is divided by c.
5
Let x(f) = -f**2 - 11*f + 11. Let r(g) = -g**2 + 14. Calculate the remainder when x(-5) is divided by r(0).
13
Let i = 39 - 11. What is the remainder when i is divided by 4/10 + (-146)/(-10)?
13
Let c be -1*1*4/(-2). Let v(f) = f**3 - 2*f**2 + 3*f - 2. Calculate the remainder when v(c) is divided by 4.
0
Let j(r) = -5*r + 11. Calculate the remainder when j(-5) is divided by 21.
15
Suppose -2*y = -0*y - 554. Calculate the remainder when y is divided by 35.
32
Calculate the remainder when 4/22 - 20/(-11) is divided by 1.
0
Let c(w) = 79*w**2 + 1. Let h be c(-1). Let b = -48 + h. Let i = 58 + -41. Calculate the remainder when b is divided by i.
15
Let s(h) = h + 2. Let u be s(2). Suppose 0 = 3*d + 4*t - 3*t - 68, d - 5*t = -u. Calculate the remainder when d is divided by 11.
10
Calculate the remainder when 14/(-4)*(-2)/1 is divided by 206/42 - (-22)/231.
2
Let i(g) = g**2 + 6*g - 2. Let p be i(-7). Suppose -p*m + 22 = -3. What is the remainder when 9 is divided by m?
4
Let b(g) = -g - 5. Let f be b(-8). Suppose f*z + 5*u - 13 - 114 = 0, 4*z - u = 177. What is the remainder when z is divided by 15?
14
Suppose 0 = 3*o - 3*l - 165, 8*o - 3*l = 4*o + 219. What is the remainder when o is divided by 19?
16
Let q be ((-3)/9)/((-2)/30). Suppose p = -22 + q. Let y = -6 - p. What is the remainder when y is divided by 6?
5
Let z(n) be the first derivative of n**4/4 - 8*n**3/3 + 4*n**2 - 3*n - 1. Calculate the remainder when 9 is divided by z(7).
1
Let j be 15/10 - 6/(-4). Suppose 5*p = -2*b + 46, -45 = 2*b - 7*b + 5*p. What is the remainder when (-16 + -8)*j/(-2) is divided by b?
10
Suppose t - k = -2*k + 34, -170 = -5*t + 2*k. Calculate the remainder when t is divided by 6.
4
Let f = 32 - 23. Let g = f - 5. Calculate the remainder when 10 is divided by g.
2
Let y(f) = -f**3 + 5*f**2 - 4*f + 3. Let m be y(4). Suppose m*q - 13 = 47. Let u = 31 - q. What is the remainder when 31 is divided by u?
9
Let d(j) = 4*j - 7. Calculate the remainder when 8 is divided by d(3).
3
Let t = 20 - 19. Calculate the remainder when (-1 - t)/((-10)/15) is divided by 3.
0
Let k be (-3)/3 + (-41)/(-1). Let g = 13 + k. Calculate the remainder when g is divided by 14.
11
Suppose -2*z = 2*g - 4*g - 92, 0 = -4*g + 2*z - 178. Let p = g + 73. Calculate the remainder when p is divided by -2*(-11)/(-2)*-1.
8
Let r = 20 - 44. Let y = -9 - r. Calculate the remainder when 57 is divided by y.
12
Let g(x) = x**3 + x**2 + x + 39. Suppose -2*i + 2*q + 10 = 0, 3*i - q - 6 = -1. Calculate the remainder when g(i) is divided by 20.
19
Suppose -66 = -4*g - 5*t, 74 = 6*g - g + 2*t. Let q(m) = -8*m + 1. Suppose 4*u = 3*u - 3. Calculate the remainder when q(u) is divided by g.
11
Let n(c) = c**3 - 7*c**2 + 5*c + 5. Let g be n(6). Calculate the remainder when g*2 - (-19)/1 is divided by (-59)/118*((-2)/(-2) + -19).
8
Let b be (-1)/3*(1 + -103). Suppose 0 = -s - s + b. What is the remainder when 31 is divided by s?
14
Let g(a) = -a**3 - 7*a**2 - a + 7. Calculate the remainder when (-154)/(-3) - (-14)/(-42) is divided by g(-7).
9
Suppose -3*s + 6 = 0, 3*q + 26 - 209 = 3*s. Calculate the remainder when q